{"version":"1.0","provider_name":"Die Konferenz f\u00fcr innovative Technologien im Tourismus","provider_url":"https:\/\/www.tourismfastforward.com\/2025","author_name":"BERNHARD RIEDER","author_url":"https:\/\/www.tourismfastforward.com\/2025\/author\/bernhard\/","title":"Reinhard Palaver - Die Konferenz f\u00fcr innovative Technologien im Tourismus","type":"rich","width":600,"height":338,"html":"<blockquote class=\"wp-embedded-content\" data-secret=\"HwlVhxv6vi\"><a href=\"https:\/\/www.tourismfastforward.com\/2025\/vortragende\/reinhard-palaver\/\">Reinhard Palaver<\/a><\/blockquote><iframe sandbox=\"allow-scripts\" security=\"restricted\" src=\"https:\/\/www.tourismfastforward.com\/2025\/vortragende\/reinhard-palaver\/embed\/#?secret=HwlVhxv6vi\" width=\"600\" height=\"338\" title=\"&#8222;Reinhard Palaver&#8220; &#8212; Die Konferenz f\u00fcr innovative Technologien im Tourismus\" data-secret=\"HwlVhxv6vi\" frameborder=\"0\" marginwidth=\"0\" marginheight=\"0\" scrolling=\"no\" class=\"wp-embedded-content\"><\/iframe><script type=\"text\/javascript\">\n\/* <![CDATA[ *\/\n\/*! This file is auto-generated *\/\n!function(d,l){\"use strict\";l.querySelector&&d.addEventListener&&\"undefined\"!=typeof URL&&(d.wp=d.wp||{},d.wp.receiveEmbedMessage||(d.wp.receiveEmbedMessage=function(e){var t=e.data;if((t||t.secret||t.message||t.value)&&!\/[^a-zA-Z0-9]\/.test(t.secret)){for(var s,r,n,a=l.querySelectorAll('iframe[data-secret=\"'+t.secret+'\"]'),o=l.querySelectorAll('blockquote[data-secret=\"'+t.secret+'\"]'),c=new RegExp(\"^https?:$\",\"i\"),i=0;i<o.length;i++)o[i].style.display=\"none\";for(i=0;i<a.length;i++)s=a[i],e.source===s.contentWindow&&(s.removeAttribute(\"style\"),\"height\"===t.message?(1e3<(r=parseInt(t.value,10))?r=1e3:~~r<200&&(r=200),s.height=r):\"link\"===t.message&&(r=new URL(s.getAttribute(\"src\")),n=new URL(t.value),c.test(n.protocol))&&n.host===r.host&&l.activeElement===s&&(d.top.location.href=t.value))}},d.addEventListener(\"message\",d.wp.receiveEmbedMessage,!1),l.addEventListener(\"DOMContentLoaded\",function(){for(var e,t,s=l.querySelectorAll(\"iframe.wp-embedded-content\"),r=0;r<s.length;r++)(t=(e=s[r]).getAttribute(\"data-secret\"))||(t=Math.random().toString(36).substring(2,12),e.src+=\"#?secret=\"+t,e.setAttribute(\"data-secret\",t)),e.contentWindow.postMessage({message:\"ready\",secret:t},\"*\")},!1)))}(window,document);\n\/\/# sourceURL=https:\/\/www.tourismfastforward.com\/2025\/wp-includes\/js\/wp-embed.min.js\n\/* ]]> *\/\n<\/script>\n","thumbnail_url":"https:\/\/www.tourismfastforward.com\/2025\/wp-content\/uploads\/2025\/09\/Reinhard_Palaver_400.jpg","thumbnail_width":400,"thumbnail_height":400,"description":"Reinhard Palaver ist Unternehmer, Mentor und Speaker mit \u00fcber drei Jahrzehnten Erfahrung im Prozessmanagement rund um ERP \u2014 zun\u00e4chst angestellt, sp\u00e4ter als Mitgr\u00fcnder und Gesch\u00e4ftsf\u00fchrer eines eigenen Systemhauses. Das Unternehmen wuchs international (7 Standorte in 3 L\u00e4ndern, ~250 Mitarbeitende) und\u00a0wurde 2010 verkauft; nach weiteren Transaktionen folgte 2022 die finale Ver\u00e4u\u00dferung an Telef\u00f3nica Tech. Sein Sprungbrett &hellip; Continue reading &rarr;"}

Die Konferenz für innovative Technologien im Tourismus

Reinhard Palaver - Die Konferenz für innovative Technologien im Tourismus

<blockquote class="wp-embedded-content" data-secret="HwlVhxv6vi"><a href="https://www.tourismfastforward.com/2025/vortragende/reinhard-palaver/">Reinhard Palaver</a></blockquote><iframe sandbox="allow-scripts" security="restricted" src="https://www.tourismfastforward.com/2025/vortragende/reinhard-palaver/embed/#?secret=HwlVhxv6vi" width="600" height="338" title="&#8222;Reinhard Palaver&#8220; &#8212; Die Konferenz für innovative Technologien im Tourismus" data-secret="HwlVhxv6vi" frameborder="0" marginwidth="0" marginheight="0" scrolling="no" class="wp-embedded-content"></iframe><script type="text/javascript">
/* <![CDATA[ */
/*! This file is auto-generated */
!function(d,l){"use strict";l.querySelector&&d.addEventListener&&"undefined"!=typeof URL&&(d.wp=d.wp||{},d.wp.receiveEmbedMessage||(d.wp.receiveEmbedMessage=function(e){var t=e.data;if((t||t.secret||t.message||t.value)&&!/[^a-zA-Z0-9]/.test(t.secret)){for(var s,r,n,a=l.querySelectorAll('iframe[data-secret="'+t.secret+'"]'),o=l.querySelectorAll('blockquote[data-secret="'+t.secret+'"]'),c=new RegExp("^https?:$","i"),i=0;i<o.length;i++)o[i].style.display="none";for(i=0;i<a.length;i++)s=a[i],e.source===s.contentWindow&&(s.removeAttribute("style"),"height"===t.message?(1e3<(r=parseInt(t.value,10))?r=1e3:~~r<200&&(r=200),s.height=r):"link"===t.message&&(r=new URL(s.getAttribute("src")),n=new URL(t.value),c.test(n.protocol))&&n.host===r.host&&l.activeElement===s&&(d.top.location.href=t.value))}},d.addEventListener("message",d.wp.receiveEmbedMessage,!1),l.addEventListener("DOMContentLoaded",function(){for(var e,t,s=l.querySelectorAll("iframe.wp-embedded-content"),r=0;r<s.length;r++)(t=(e=s[r]).getAttribute("data-secret"))||(t=Math.random().toString(36).substring(2,12),e.src+="#?secret="+t,e.setAttribute("data-secret",t)),e.contentWindow.postMessage({message:"ready",secret:t},"*")},!1)))}(window,document);
//# sourceURL=https://www.tourismfastforward.com/2025/wp-includes/js/wp-embed.min.js
/* ]]> */
</script>

Reinhard Palaver ist Unternehmer, Mentor und Speaker mit über drei Jahrzehnten Erfahrung im Prozessmanagement rund um ERP — zunächst angestellt, später als Mitgründer und Geschäftsführer eines eigenen Systemhauses. Das Unternehmen wuchs international (7 Standorte in 3 Ländern, ~250 Mitarbeitende) und wurde 2010 verkauft; nach weiteren Transaktionen folgte 2022 die finale Veräußerung an Telefónica Tech. Sein Sprungbrett &hellip; Continue reading &rarr;
