{"version":"1.0","provider_name":"Die Konferenz f\u00fcr innovative Technologien im Tourismus","provider_url":"https:\/\/www.tourismfastforward.com\/2025","author_name":"BERNHARD RIEDER","author_url":"https:\/\/www.tourismfastforward.com\/2025\/author\/bernhard\/","title":"Emanuel Lehner-Teli\u010d - Die Konferenz f\u00fcr innovative Technologien im Tourismus","type":"rich","width":600,"height":338,"html":"<blockquote class=\"wp-embedded-content\" data-secret=\"ilgVp7i2Gx\"><a href=\"https:\/\/www.tourismfastforward.com\/2025\/vortragende\/emanuel-lehner-telic\/\">Emanuel Lehner-Teli\u010d<\/a><\/blockquote><iframe sandbox=\"allow-scripts\" security=\"restricted\" src=\"https:\/\/www.tourismfastforward.com\/2025\/vortragende\/emanuel-lehner-telic\/embed\/#?secret=ilgVp7i2Gx\" width=\"600\" height=\"338\" title=\"&#8222;Emanuel Lehner-Teli\u010d&#8220; &#8212; Die Konferenz f\u00fcr innovative Technologien im Tourismus\" data-secret=\"ilgVp7i2Gx\" frameborder=\"0\" marginwidth=\"0\" marginheight=\"0\" scrolling=\"no\" class=\"wp-embedded-content\"><\/iframe><script type=\"text\/javascript\">\n\/* <![CDATA[ *\/\n\/*! This file is auto-generated *\/\n!function(d,l){\"use strict\";l.querySelector&&d.addEventListener&&\"undefined\"!=typeof URL&&(d.wp=d.wp||{},d.wp.receiveEmbedMessage||(d.wp.receiveEmbedMessage=function(e){var t=e.data;if((t||t.secret||t.message||t.value)&&!\/[^a-zA-Z0-9]\/.test(t.secret)){for(var s,r,n,a=l.querySelectorAll('iframe[data-secret=\"'+t.secret+'\"]'),o=l.querySelectorAll('blockquote[data-secret=\"'+t.secret+'\"]'),c=new RegExp(\"^https?:$\",\"i\"),i=0;i<o.length;i++)o[i].style.display=\"none\";for(i=0;i<a.length;i++)s=a[i],e.source===s.contentWindow&&(s.removeAttribute(\"style\"),\"height\"===t.message?(1e3<(r=parseInt(t.value,10))?r=1e3:~~r<200&&(r=200),s.height=r):\"link\"===t.message&&(r=new URL(s.getAttribute(\"src\")),n=new URL(t.value),c.test(n.protocol))&&n.host===r.host&&l.activeElement===s&&(d.top.location.href=t.value))}},d.addEventListener(\"message\",d.wp.receiveEmbedMessage,!1),l.addEventListener(\"DOMContentLoaded\",function(){for(var e,t,s=l.querySelectorAll(\"iframe.wp-embedded-content\"),r=0;r<s.length;r++)(t=(e=s[r]).getAttribute(\"data-secret\"))||(t=Math.random().toString(36).substring(2,12),e.src+=\"#?secret=\"+t,e.setAttribute(\"data-secret\",t)),e.contentWindow.postMessage({message:\"ready\",secret:t},\"*\")},!1)))}(window,document);\n\/\/# sourceURL=https:\/\/www.tourismfastforward.com\/2025\/wp-includes\/js\/wp-embed.min.js\n\/* ]]> *\/\n<\/script>\n","thumbnail_url":"https:\/\/www.tourismfastforward.com\/2025\/wp-content\/uploads\/2025\/09\/FotoEmanuel400.jpg","thumbnail_width":400,"thumbnail_height":400,"description":"Emanuel Lehner-Telic, geb\u00fcrtiger Linzer, zog es schon w\u00e4hrend seines Studiums in Salzburg und an der Diplomatischen Akademie in Wien mit Aufenthalten in Frankreich und Spanien einige Male ins europ\u00e4ische Ausland. Seinem Eintritt in die \u00d6sterreich Werbung in Berlin im Jahr 2000 folgten mehrj\u00e4hrige Stationen in Moskau und Budapest, wo er als Regionalmanager die Geschicke der &hellip; Continue reading &rarr;"}

Die Konferenz für innovative Technologien im Tourismus

Emanuel Lehner-Telič - Die Konferenz für innovative Technologien im Tourismus

<blockquote class="wp-embedded-content" data-secret="ilgVp7i2Gx"><a href="https://www.tourismfastforward.com/2025/vortragende/emanuel-lehner-telic/">Emanuel Lehner-Telič</a></blockquote><iframe sandbox="allow-scripts" security="restricted" src="https://www.tourismfastforward.com/2025/vortragende/emanuel-lehner-telic/embed/#?secret=ilgVp7i2Gx" width="600" height="338" title="&#8222;Emanuel Lehner-Telič&#8220; &#8212; Die Konferenz für innovative Technologien im Tourismus" data-secret="ilgVp7i2Gx" frameborder="0" marginwidth="0" marginheight="0" scrolling="no" class="wp-embedded-content"></iframe><script type="text/javascript">
/* <![CDATA[ */
/*! This file is auto-generated */
!function(d,l){"use strict";l.querySelector&&d.addEventListener&&"undefined"!=typeof URL&&(d.wp=d.wp||{},d.wp.receiveEmbedMessage||(d.wp.receiveEmbedMessage=function(e){var t=e.data;if((t||t.secret||t.message||t.value)&&!/[^a-zA-Z0-9]/.test(t.secret)){for(var s,r,n,a=l.querySelectorAll('iframe[data-secret="'+t.secret+'"]'),o=l.querySelectorAll('blockquote[data-secret="'+t.secret+'"]'),c=new RegExp("^https?:$","i"),i=0;i<o.length;i++)o[i].style.display="none";for(i=0;i<a.length;i++)s=a[i],e.source===s.contentWindow&&(s.removeAttribute("style"),"height"===t.message?(1e3<(r=parseInt(t.value,10))?r=1e3:~~r<200&&(r=200),s.height=r):"link"===t.message&&(r=new URL(s.getAttribute("src")),n=new URL(t.value),c.test(n.protocol))&&n.host===r.host&&l.activeElement===s&&(d.top.location.href=t.value))}},d.addEventListener("message",d.wp.receiveEmbedMessage,!1),l.addEventListener("DOMContentLoaded",function(){for(var e,t,s=l.querySelectorAll("iframe.wp-embedded-content"),r=0;r<s.length;r++)(t=(e=s[r]).getAttribute("data-secret"))||(t=Math.random().toString(36).substring(2,12),e.src+="#?secret="+t,e.setAttribute("data-secret",t)),e.contentWindow.postMessage({message:"ready",secret:t},"*")},!1)))}(window,document);
//# sourceURL=https://www.tourismfastforward.com/2025/wp-includes/js/wp-embed.min.js
/* ]]> */
</script>

Emanuel Lehner-Telic, gebürtiger Linzer, zog es schon während seines Studiums in Salzburg und an der Diplomatischen Akademie in Wien mit Aufenthalten in Frankreich und Spanien einige Male ins europäische Ausland. Seinem Eintritt in die Österreich Werbung in Berlin im Jahr 2000 folgten mehrjährige Stationen in Moskau und Budapest, wo er als Regionalmanager die Geschicke der &hellip; Continue reading &rarr;
